its digit of m?
9
Let g(u) = 4*u - 3*u - u**3 + 2*u - 2*u**2 + 3. What is the tens digit of g(-4)?
2
Let z(h) = h**2 - 4. Let x be (-42)/8 + (-3)/(-12). Let w be z(x). Let p = w + -12. What is the units digit of p?
9
Suppose 0 = -8*u + 326 + 138. What is the tens digit of u?
5
Suppose -j = -3*z + 32 + 9, 5*z = -3*j + 73. What is the units digit of z?
4
Suppose 3*x + x = 0. Suppose 4*t - 5*o - 10 = 5, x = -4*t + 4*o + 20. What is the tens digit of t?
1
Let g(d) be the second derivative of -7/2*d**2 + 4/3*d**3 + 0 - 1/12*d**4 + 2*d. What is the units digit of g(5)?
8
Let p = 4 + -7. Suppose 0 = -2*z + 2, 5*a - 4*z = z + 65. What is the tens digit of (p + 4 - a)*-1?
1
Suppose -44 = 6*z - 206. What is the tens digit of z?
2
Suppose 5*a = a + 16. Let j(m) be the first derivative of m**3/3 - 3*m**2/2 - m - 2. What is the units digit of j(a)?
3
Let u(v) = -v + 1. Let s be u(-2). Suppose -2*f - 3*g + 7 = 0, 7*f - 2 = s*f - 2*g. What is the units digit of 0/4 + 7 + f?
6
Suppose -3*y + 5 - 11 = 0. What is the tens digit of (-1)/(y - (-21)/11)?
1
Let y = 5 + -5. Suppose y*q = -q + 10. What is the tens digit of q?
1
What is the hundreds digit of (-112)/(-24)*(-51)/(-2)?
1
Let p(i) = 6*i**2 - 2*i + 1. Let x(y) = -y**3 + 2*y**2 + 1. Let l be x(2). What is the units digit of p(l)?
5
Suppose 2*k - 8 = 30. Let z = 28 - k. What is the units digit of z?
9
Let f = 14 - 10. What is the units digit of f - 3*(-1 + 2)?
1
Suppose p - 120 = -4*p. Suppose -4*b = -2*b - p. What is the units digit of b?
2
Let m(o) be the second derivative of 7*o**5/20 + o**3/6 + 4*o. What is the units digit of m(1)?
8
Suppose 0 = 4*w - 33 - 19. Suppose -91 = -3*m + 2*j, 0 = 2*m - 5*j - 66 - w. What is the units digit of m?
7
Let u be -1 - (0 + 36)*1. Let o = u - -58. What is the units digit of o?
1
Let t(h) = 3*h**2 - 8*h + 4. Let m(z) = z**2. Let c(x) = -2*m(x) + t(x). Let j be c(-6). What is the units digit of 2/(-6) - j/(-12)?
7
Let h(g) be the third derivative of g**5/60 + 7*g**4/24 - 5*g**3/3 - g**2. Let c be 5*3/(-5)*3. What is the units digit of h(c)?
8
Suppose -4*s - 82 = -2*i, 2*i - 110 = -0*i - 3*s. What is the units digit of i?
9
Suppose 3*x + 9 = 0, 5*l - 198 = 2*l - 5*x. What is the tens digit of l?
7
Suppose -3*r = -2*p - 80, -4*p = -2*p - 10. What is the tens digit of r?
3
Suppose -25 = -6*l + l. What is the units digit of l?
5
Let u = 9 + -9. Suppose u = -o - 3 + 4. What is the units digit of o?
1
Let s(t) = 6*t**2 + 9*t. Let a(x) = 5*x**2 + 8*x. Let j(v) = -7*a(v) + 6*s(v). Let b be j(2). What is the units digit of 0 - ((-2 - b) + -1)?
3
Let y = -98 - -163. What is the units digit of y?
5
Let a(u) = -u**3 + 2*u**2 - u + 2. Let c be a(2). Let f(z) = 1 - 3*z**2 + 0*z**2 + 2*z**2 - z. What is the units digit of f(c)?
1
What is the units digit of ((-4)/6)/((-24)/36)?
1
Suppose 4*i - 648 = -176. What is the hundreds digit of i?
1
Let r = 165 + 15. What is the units digit of r?
0
Suppose 0*v = -3*v + 15. Suppose 3*k - 5*k + 3*h = -43, v*k - 3*h = 103. What is the units digit of k?
0
Suppose 5 - 23 = -4*y + 5*x, 3*y - 27 = -3*x. Let n be ((-5)/2)/(1/(-2)). Suppose 4*j - h = 33, 4*j - 28 = n*h - y. What is the units digit of j?
9
Let a(w) = w**3 + 2*w**2 - 2*w - 3. Let f = 24 - 14. Suppose -5*b + 3 - 18 = j, -4*j - f = -5*b. What is the units digit of a(b)?
1
Suppose 2 = 5*p - 4*p. Suppose -2*l + p = 0, 5*l + 45 = -v + 3*v. What is the tens digit of v?
2
Let i = -1 - -5. Suppose -3*o = -r + 15, -138 = -5*r + i*o - 30. What is the tens digit of r?
2
Suppose -7 - 1 = -4*l. Suppose -d = l*d - 4*v - 12, 5*v = -3*d - 15. Suppose -n = -d*n + 5*j - 12, -j = 2*n - 6. What is the units digit of n?
2
What is the units digit of 2/9 + 734/18?
1
Suppose 4*m + 5*s - 352 = 0, -s = -m + 2*s + 105. What is the tens digit of m?
9
Suppose t - 338 = -x, 2*x - 30 - 306 = -t. What is the tens digit of t?
4
Suppose 2*y = -2*y + 5*i + 120, -2*i - 8 = 0. What is the units digit of y?
5
Let x(b) = -19*b + 6. Let n be ((-1)/2)/((-3)/(-12)). What is the units digit of x(n)?
4
Suppose -2*k = -u - 30 - 42, -2*u - 106 = -3*k. What is the units digit of k?
8
Suppose 14*v - 2*v - 1248 = 0. What is the units digit of v?
4
Suppose -15 = -4*d - d. Suppose 3*l - 13 - 2 = 0. Let z = l - d. What is the units digit of z?
2
Let b = -2 + 14. Suppose -3*i + 2*k - 4*k = -b, 4*i - 16 = 5*k. What is the units digit of 270/35 + i/14?
8
Let n = -9 - -16. Suppose b + n = 4*l, -3*l = -2*b + 2*l - 2. Suppose 2*p - 5*j - 8 = b, 0 = p - 5*j - 6. What is the units digit of p?
1
Suppose -2*s - 4*h + 18 = 0, 43 + 17 = 3*s - 5*h. What is the tens digit of s?
1
Suppose 4*c + 24 = 8. Let q(v) = -v**3 - 2*v**2 + 7*v + 6. What is the units digit of q(c)?
0
Let h(j) = -j**3 - 5*j**2 + 12*j - 8. Let v be h(-7). What is the tens digit of ((-12)/10)/(v/(-100))?
2
Suppose 2*h + 224 = 6*h. What is the units digit of h?
6
What is the tens digit of (51/(-2) - -1)/((-6)/12)?
4
Let w be (-14)/(-7) + 6*1. What is the units digit of 64/w + 0/2?
8
Let i be 282/15 + 3/15. Let d = i + -11. What is the units digit of d?
8
Suppose -5*q = 2*p - 62, 22 = 4*q - 3*p - 23. Let v = q + -1. What is the tens digit of v?
1
What is the units digit of 394/3 - 2/6?
1
What is the units digit of 0/1 + (-1 - -334)/3?
1
Let r be ((-4)/6)/(6/90). Let d = r - -19. What is the units digit of d?
9
Suppose -2*l + 5 = -3*l. Let g = l + 8. What is the units digit of g?
3
Suppose -4*k - 3*u + 0*u - 28 = 0, -4*k - 2*u - 28 = 0. Suppose -i - 92 = -5*i. Let d = i + k. What is the tens digit of d?
1
Suppose 12 = b + 3*g, -5*b + 3*g + 24 = -0*g. What is the units digit of (b + -3)/((-3)/(-19))?
9
Suppose 0 = 2*j + 3*j + f - 98, -14 = -j - 3*f. What is the units digit of j?
0
Let t(o) = -o**3 + 8*o**2 - 9*o + 8. What is the units digit of t(6)?
6
Let h = 353 + -51. What is the hundreds digit of h?
3
What is the tens digit of (-42)/(5/((-10)/3))?
2
Let c(g) = 63*g**2 + g. Let m be c(-1). Suppose -6*d + 8*d = m. What is the tens digit of d?
3
Suppose 2*f + 12 = 6*f. Let b(u) = -u**2 - 9*u + 3. Let s(n) = n**2 + 10*n - 3. Let t(k) = f*b(k) + 2*s(k). What is the units digit of t(-7)?
3
Suppose -645 = -5*x - 4*y, -3*x - 2*y + 196 = -191. What is the hundreds digit of x?
1
Let p(q) = q**2 - q + 7. Suppose 3*x = -2*x + 25. Let d be p(x). Suppose z - d = -2*n, 5*n + 0*n - 75 = 5*z. What is the tens digit of n?
1
Let r = 115 + -79. What is the units digit of r?
6
Suppose -2*s = 13 - 71. Suppose 14 + 57 = 3*q + j, q - s = 5*j. What is the tens digit of q?
2
Suppose -4*m + 3*o + 65 = 0, 0 = -o + 6*o + 15. What is the tens digit of m?
1
Suppose 0 = -2*s + 88 + 310. What is the units digit of s?
9
Let f = 7 - -97. What is the units digit of f?
4
Suppose 4*w = 525 + 487. What is the units digit of w?
3
Suppose 3*p - 7 = -1. Let v be ((-6)/8)/(p/(-8)). Suppose -v*h + h = -10. What is the units digit of h?
5
Let m be ((-1)/3)/((-3)/(-9)). What is the units digit of -2*(-3 + -2 - m)?
8
Let s(v) = -v**2 - 13*v - 12. Suppose 0 = 4*d + 2 + 30. What is the units digit of s(d)?
8
What is the hundreds digit of (35/(-2))/5*(4 + -34)?
1
Suppose 2*k = -p - 2*k + 23, -43 = -3*p + k. Let t = 18 - p. What is the units digit of t?
3
Suppose -t = -0*t. Suppose 0 = -t*s + s - 2. What is the units digit of s?
2
Let i = -48 + 56. What is the units digit of i?
8
Let m(p) = -16*p + 1. Suppose 0 = 2*l - 2*c + 5*c + 2, -l = -2*c + 1. What is the units digit of m(l)?
7
Suppose -22 + 82 = 2*z. What is the tens digit of z?
3
Let q(n) = 4*n**3 - 6*n**2 + 28. Let r(x) = -3*x**3 + 5*x**2 - 28. Let a(k) = -4*q(k) - 5*r(k). Let z be a(0). Let h = -20 + z. What is the units digit of h?
8
Let v be 1/((-2)/(-6)) + 27. What is the tens digit of (-6)/v - (-142)/10?
1
Suppose i - 3 = -w, -5*i + 6*w = 3*w - 7. Suppose 50 - i = 4*l. What is the units digit of l?
2
Suppose 0 = 3*n + 3*g - 0*g - 18, 5*n - 5*g - 70 = 0. Let h = n + -9. What is the units digit of h?
1
What is the units digit of (-6)/((-21)/28 + (-30)/(-44))?
8
Let d = -3 - -1. Let m(z) = -22*z**3 - z**2 - 2*z - 2. Let q be m(d). What is the units digit of (-2)/7 - q/(-21)?
8
Suppose 0 = -5*l - 5*d + 765, d - 3*d = -4*l + 600. What is the units digit of l?
1
Let c(j) = 4*j - 4. Suppose -2*m + 16 = -0*m. What is the units digit of c(m)?
8
Let v = 18 - 31. What is the units